rue
Is 410023 a multiple of 89?
True
Is 17 a factor of 283080?
False
Is 1215 a factor of 4158945?
True
Is 162 a factor of 2754?
True
Does 9 divide 1341?
True
Is 3 a factor of 29041?
False
Is 2980458 a multiple of 93?
False
Does 23 divide 447373?
True
Does 175 divide 107975?
True
Does 5 divide 27248?
False
Is 13 a factor of 1545710?
False
Is 733632 a multiple of 48?
True
Is 294608 a multiple of 18?
False
Is 17 a factor of 67765?
False
Does 10 divide 1186718?
False
Is 24 a factor of 4770209?
False
Is 4575831 a multiple of 69?
False
Does 16 divide 61732?
False
Does 357 divide 2600388?
True
Is 347932 a multiple of 33?
False
Does 383 divide 1700899?
False
Is 123763 a multiple of 23?
True
Does 12 divide 5906605?
False
Is 14 a factor of 37865?
False
Is 12878500 a multiple of 50?
True
Is 241 a factor of 57117?
True
Is 7498 a multiple of 6?
False
Is 103 a factor of 1394826?
True
Is 15 a factor of 115894?
False
Does 88 divide 781264?
True
Does 918 divide 425391?
False
Does 23 divide 280192?
False
Is 153475 a multiple of 61?
False
Does 13 divide 2281814?
False
Is 522665 a multiple of 221?
True
Does 9 divide 149524?
False
Does 55 divide 286652?
False
Is 533 a factor of 194545?
True
Is 79 a factor of 2975140?
True
Does 227 divide 22063?
False
Does 23 divide 2431284?
True
Is 48 a factor of 79161?
False
Is 11 a factor of 10238104?
False
Is 384035 a multiple of 52?
False
Does 60 divide 1442940?
True
Does 54 divide 10802?
False
Is 2334645 a multiple of 3?
True
Does 10 divide 6999310?
True
Does 98 divide 3774957?
False
Is 250 a factor of 464458?
False
Does 116 divide 243604?
False
Does 15 divide 2925855?
True
Does 172 divide 200743?
False
Is 606651 a multiple of 29?
True
Is 81016 a multiple of 164?
True
Is 8 a factor of 2840392?
True
Is 7 a factor of 416409?
True
Does 56 divide 276976?
True
Is 216193 a multiple of 41?
True
Is 163 a factor of 126488?
True
Does 47 divide 154681?
False
Is 789390 a multiple of 98?
True
Does 232 divide 186577?
False
Is 868566 a multiple of 114?
True
Is 114510 a multiple of 11?
True
Does 1123 divide 10457376?
True
Does 233 divide 3264563?
True
Is 32 a factor of 190400?
True
Does 19 divide 729121?
False
Is 4506 a multiple of 144?
False
Is 56 a factor of 3341128?
True
Is 640525 a multiple of 5?
True
Is 133289 a multiple of 6?
False
Does 330 divide 2661780?
True
Does 592 divide 556747?
False
Is 122530 a multiple of 40?
False
Is 33 a factor of 57618?
True
Is 7095316 a multiple of 1387?
False
Is 63 a factor of 34075?
False
Does 307 divide 5375513?
False
Does 220 divide 49827?
False
Is 17992 a multiple of 13?
True
Does 103 divide 115978?
True
Is 217 a factor of 590674?
True
Is 11 a factor of 214707?
False
Is 5755772 a multiple of 1028?
True
Does 278 divide 612990?
True
Is 1871725 a multiple of 199?
False
Is 961959 a multiple of 206?
False
Is 36 a factor of 638808?
False
Is 944282 a multiple of 2?
True
Is 20 a factor of 6853112?
False
Does 80 divide 332243?
False
Does 29 divide 926912?
False
Does 4 divide 42212?
True
Does 295 divide 10005810?
True
Is 266747 a multiple of 221?
True
Is 441936 a multiple of 558?
True
Is 140 a factor of 491260?
True
Is 3 a factor of 290664?
True
Is 157850 a multiple of 10?
True
Is 15 a factor of 978194?
False
Is 363 a factor of 130055?
False
Does 13 divide 6034333?
False
Does 43 divide 7022984?
False
Is 412692 a multiple of 210?
False
Does 1794 divide 9806004?
True
Does 1680 divide 17671007?
False
Does 27 divide 1189863?
True
Is 6 a factor of 37290?
True
Does 47 divide 5845469?
False
Does 89 divide 80848?
False
Is 3 a factor of 164223?
True
Does 198 divide 83232?
False
Does 74 divide 1370776?
True
Is 302 a factor of 1033142?
True
Is 221 a factor of 1058423?
False
Does 134 divide 151904?
False
Does 39 divide 110875?
False
Is 267425 a multiple of 475?
True
Does 4 divide 639529?
False
Does 30 divide 9963120?
True
Does 36 divide 200556?
True
Is 69 a factor of 307609?
False
Is 4082788 a multiple of 11?
False
Does 78 divide 1611168?
True
Does 3 divide 17052?
True
Is 2541720 a multiple of 236?
True
Is 530 a factor of 4188060?
True
Is 11 a factor of 376347?
False
Is 119770 a multiple of 58?
True
Does 34 divide 640152?
True
Is 167 a factor of 446732?
False
Does 259 divide 8951040?
True
Is 444 a factor of 786330?
False
Does 278 divide 302186?
True
Is 30240 a multiple of 60?
True
Is 16015 a multiple of 7?
False
Is 7747413 a multiple of 831?
True
Is 109 a factor of 5043?
False
Is 2552914 a multiple of 1183?
True
Is 1139657 a multiple of 453?
False
Is 19 a factor of 1729067?
False
Does 87 divide 3118273?
False
Is 17 a factor of 175644?
True
Is 131974 a multiple of 69?
False
Does 23 divide 991397?
False
Does 129 divide 3488418?
True
Is 131760 a multiple of 40?
True
Is 3503278 a multiple of 5?
False
Is 135 a factor of 102465?
True
Does 133 divide 165540?
False
Is 327 a factor of 407115?
True
Does 85 divide 1178497?
False
Is 32021 a multiple of 46?
False
Is 995875 a multiple of 25?
True
Is 54 a factor of 1423764?
True
Does 672 divide 2741673?
False
Does 11 divide 394332?
False
Is 117 a factor of 38610?
True
Is 66 a factor of 72360?
False
Is 257334 a multiple of 66?
True
Is 222128 a multiple of 16?
True
Is 129 a factor of 4481757?
False
Does 230 divide 3714170?
False
Does 19 divide 829654?
True
Does 30 divide 86070?
True
Does 25 divide 41113?
False
Does 78 divide 350676?
False
Is 2 a factor of 54723?
False
Does 32 divide 108890?
False
Does 660 divide 789360?
True
Is 124782 a multiple of 12?
False
Does 203 divide 68411?
True
Is 1811775 a multiple of 735?
True
Is 34668 a multiple of 214?
True
Is 1887770 a multiple of 5?
True
Does 33 divide 188463?
True
Is 79 a factor of 115552?
False
Is 3 a factor of 9600?
True
Is 21972429 a multiple of 23?
True
Is 48 a factor of 477789?
False
Is 28 a factor of 1867881?
False
Does 38 divide 735792?
False
Is 41 a factor of 2739538?
True
Is 17317431 a multiple of 40?
False
Does 115 divide 2748984?
False
Is 21 a factor of 135085?
False
Is 41 a factor of 732096?
True
Is 211925 a multiple of 7?
True
Is 901010 a multiple of 2?
True
Is 49 a factor of 518322?
True
Does 12 divide 356398?
False
Does 149 divide 8950281?
True
Is 14 a factor of 122484?
False
Is 58 a factor of 758814?
True
Does 6 divide 461016?
True
Does 68 divide 149931?
False
Is 15747 a multiple of 59?
False
Is 748 a factor of 2971056?
True
Is 3369685 a multiple of 42?
False
Does 163 divide 102038?
True
Does 111 divide 4016950?
False
Is 39 a factor of 18577?
False
Does 59 divide 58233?
True
Is 1225710 a multiple of 18?
True
Is 582340 a multiple of 42?
False
Is 277884 a multiple of 6?
True
Is 5612333 a multiple of 91?
False
Does 183 divide 3934763?
False
Does 14 divide 93324?
True
Does 40 divide 178671?
False
Is 3214830 a multiple of 11?
False
Does 12 divide 103356?
True
Is 105975 a multiple of 70?
False
Is 19193916 a multiple of 84?
True
Is 4 a factor of 17239?
False
Is 2 a factor of 210273?
False
Is 298284 a multiple of 558?
False
Is 708190 a multiple of 469?
True
Does 2 divide 1744731?
False
Is 272580 a multiple of 30?
True
Is 10488063 a multiple of 151?
False
Is 37 a factor of 1053908?
True
Does 313 divide 47065?
False
Does 9 divide 1305679?
False
Does 8 divide 79513?
False
Is 81642 a multiple of 3?
True
Is 13 a factor of 101968?
False
Is 17057 a multiple of 37?
True
Is 1418935 a multiple of 42?
False
Is 10 a factor of 1739080?
True
Is 12853140 a multiple of 60?
True
Is 200 a factor of 1426635?
False
Does 15 divide 31739491?
False
Does 19 divide 1226792?
True
Is 355309 a multiple of 71?
False
Is 58 a factor of 665907?
False
Does 26 divide 2792323?
False
Is 8 a factor of 205901?
False
Is 2702736 a multiple of 24?
True
Is 138744 a multiple of 23?
False
Is 56 a factor of 2471916?
False
Does 12 divide 5304?
True
Is 884216 a multiple of 114?
False
Is 19 a factor of 54188?
True
Is 1046912 a multiple of 128?
True
Is 208516 a multiple of 14?
True
Is 36153 a multiple of 9?
True
Is 7 a factor of 303313?
False
Is 3 a factor of 697134?
True
Is 179 a factor of 10024937?
False
Does 47 divide 1018349?
True
Does 24 divide 467784?
True
Is 5942313 a multiple of 25?
False
Is 350 a factor of 89950?
True
Is 3 a factor of 150987?
True
Is 47632 a multiple of 8?
True
Is 50930 a multiple of 93?
False
Does 5 divide 285731?
False
Does 37 divide 532652?
True
Is